
3
Let o = 19 - -13. What are the prime factors of o?
2
Let w be 24/14 + 6/21. Suppose -w*x + 4 = -0. What are the prime factors of x?
2
Let f(t) = -2*t**2 - 3*t - 19. Let a(x) = -x**2 - 2*x - 9. Let r(p) = -7*a(p) + 3*f(p). What are the prime factors of r(-5)?
2, 3
Suppose 2*o - 56 = -6*o. What are the prime factors of o?
7
Let h(o) = 3*o - o + 0*o - 3*o**2 + o**3. Let p be h(2). What are the prime factors of (1 + p)*-1 + 6?
5
Suppose -3*r - 7 = -r - s, -9 = 3*r - 3*s. Let m = r - -9. Suppose 0 = -m*h + 20 + 40. What are the prime factors of h?
2, 3
Let g(d) = d**3 + 5*d**2 + d + 5. What are the prime factors of g(-4)?
17
Let j = -53 + 182. What are the prime factors of j?
3, 43
Suppose -o = 3*c - 40, 2*c + 62 = -5*o + 249. List the prime factors of o.
37
Suppose -4*t + a + a - 84 = 0, 0 = -2*t + 5*a - 50. Let r be (-6)/(-4)*t/(-6). Let m = r - 3. What are the prime factors of m?
2
Let f be (-57)/(-12)*(-8)/(-2). Let o = -5 + f. List the prime factors of o.
2, 7
Suppose r - l - 5 = 8, 0 = 4*r - 3*l - 50. Suppose 0 = 3*h - 29 + r. What are the prime factors of h?
2, 3
Let p = -33 + 56. What are the prime factors of p?
23
Let y be 6/5*(-30)/(-9). Suppose -f = 2*s - 6, 7 = -s - y*s + 3*f. What are the prime factors of 4 - (s - -1)*1?
2
Suppose 3*w = 4*w + 27. Let l = w - -39. What are the prime factors of l?
2, 3
Suppose 0 = -10*m + 9*m. Suppose -6*a + a + 95 = m. What are the prime factors of a?
19
Suppose 4*s + 1 - 21 = 0. Let r = s + 24. What are the prime factors of r?
29
Let p(r) = -r**3 + 6*r**2 + 7*r. Let q be p(7). Suppose q*m - m + 10 = 0. What are the prime factors of m?
2, 5
Suppose -3*b - 2*b = -10. Suppose -b*i = -i - 5. List the prime factors of i.
5
Let c = -18 - -17. Let f = 12 + c. List the prime factors of f.
11
Suppose 2*p = -2*p + 112. List the prime factors of 4/8 - p/(-8).
2
Suppose -2*r - 10 = 2*c, 0*r + 5 = -4*c + r. Let h(x) = -2*x**3 - 3*x**2 - x - 1. What are the prime factors of h(c)?
5
Suppose 0 = 3*c + 4*a - 575, -2*c + 4*a + 72 + 318 = 0. List the prime factors of c.
193
Suppose -y + 85 = 3*m - 61, -3*m - 2*y + 142 = 0. Let b = m + -25. What are the prime factors of b?
5
Let y = 63 - -3. Let v(s) = s**3 - 9*s**2 - 7*s + 13. Let o be v(10). Let x = y - o. What are the prime factors of x?
23
Let h(p) = 7*p**2 - 4*p + 4. What are the prime factors of h(2)?
2, 3
Suppose -5*w = f + 91 - 252, -3*w = -4*f + 713. List the prime factors of f.
2, 11
Let k be (-2)/4 + (-109)/2. Let i = -32 - k. What are the prime factors of i?
23
Let v = 6 + -3. Suppose 5 = v*o - w - 12, 2*o + 4*w - 30 = 0. Let l = 17 - o. What are the prime factors of l?
2, 5
Suppose 2*b + 3 = -7. Let m = 4 - 12. Let o = b - m. List the prime factors of o.
3
What are the prime factors of ((-1)/(-1))/((-7)/(-182))?
2, 13
Suppose 5*r = 25, 1 + 4 = 5*s - 2*r. Let b(x) = -3*x. Let a be b(-1). Suppose s*t + 1 = -2*g + 29, -5*g = -a*t - 49. What are the prime factors of g?
11
Suppose 0*f = -4*f + 8, -49 = 3*w + f. Let m = 27 + w. Suppose -m = -p - 0*p. List the prime factors of p.
2, 5
Suppose -3*q + 90 = d, 3*q - d - 150 = -2*q. What are the prime factors of q?
2, 3, 5
Let m(y) = -2*y**3 - 2*y**2 + y - 1. Let q be m(-2). Suppose -5*x - 35 = 4*s, -q*x + 25 = -s - s. What are the prime factors of (-8)/s*(-25)/(-2)?
2, 5
Let x = -7 - -10. Suppose 4*g = q + 14, 0 = x*q + 5*g - g - 22. Suppose -42 = -2*s + 4*u, 5*u = q*s - 4*s + 6. List the prime factors of s.
13
Let q = 51 + -16. List the prime factors of q.
5, 7
Let d be (-6)/(-21) - 136/(-14). Let v = d + 0. What are the prime factors of v?
2, 5
Let b(v) = v + 7. Let q be b(-5). Suppose 4*n = -3*i + 81 - 2, 3*n + 64 = q*i. What are the prime factors of i?
29
Suppose -108 = -0*y - 4*y + 3*p, -4*y - 3*p + 132 = 0. Suppose -y = 4*w - 102. Let k = -5 + w. What are the prime factors of k?
13
Let s(o) = o**2 + o + 2. Let z be s(-3). Let x(p) = p + 4. List the prime factors of x(z).
2, 3
Let z = 38 - 24. What are the prime factors of z?
2, 7
Let x(t) = t**3 - 9*t**2 + 4. Let v be x(9). Suppose -5*b - v = 4*h - 1, -b - h = 1. Let m(z) = 9*z + 1. What are the prime factors of m(b)?
2, 5
What are the prime factors of 122*-5*(-3)/30?
61
Suppose -4*v + x - 4 = 0, 5*v + 4 = 4*x - 12. Suppose i + 0*i = v. Suppose i*n = -5*n + 40. List the prime factors of n.
2
Let o = -39 - -85. What are the prime factors of o?
2, 23
Let z = -5 + 6. Suppose 4*g - z - 7 = 0. Suppose -4*d = j - 18, -g*d = -j - 5*d + 19. What are the prime factors of j?
2, 11
Let q(r) = -r**2 + 10*r - 4. Let a = 12 + -4. What are the prime factors of q(a)?
2, 3
Let r(g) = 2*g**2 - 2*g + 5. What are the prime factors of r(-6)?
89
Let l(d) = 3*d**3 + 6*d**2 + 3*d + 4. Let u be -3 + -3 + 4 + -2. Let f be l(u). List the prime factors of f/(-6) + (-3)/9.
17
Let c(b) = 3*b - 2. Let s be c(2). Suppose -s*j + d = -12, 0 = -j + 4*d - 3 + 6. What are the prime factors of j?
3
Suppose -2*y = -5*y + 345. What are the prime factors of y?
5, 23
Suppose -8*k + 52 = -7*k. What are the prime factors of k?
2, 13
Let v(z) be the first derivative of -z**4/4 + 8*z**3/3 - 4*z**2 - 2. What are the prime factors of v(6)?
2, 3
Let y be (-6)/8 + 18/24. Suppose -16 = -m - y. What are the prime factors of m?
2
Suppose -93 = -5*p - r, -p + 7 = -4*r + 1. List the prime factors of p.
2, 3
Let c = -11 + 13. Suppose 3*j - 116 - 4 = -3*i, c*i - 215 = -5*j. What are the prime factors of j?
3, 5
What are the prime factors of (-192)/(4/(-1)) - 3?
3, 5
Let n be 1/(-2)*(3 - 1). Let v be -1 + 0 + (12 - n). Let a = -4 + v. List the prime factors of a.
2
Let k be -3*(0 + (-60)/(-9)). What are the prime factors of (6/5)/((-6)/k)?
2
Suppose -3*t + 114 = 12. What are the prime factors of t?
2, 17
Let v = -63 + 45. Suppose 0*p - p - 5*h = 1, 4*p + 109 = h. Let o = v - p. What are the prime factors of o?
2
Let i(z) = -2 + z**2 + 3 - 5*z + 0*z**2. Let n be i(3). What are the prime factors of 4/(-10) + (-52)/n?
2, 5
Let k(y) = 4*y**3 - y**2 + y - 1. Let m be k(1). Let v(r) = -r**2 + 6*r + 3. What are the prime factors of v(m)?
2, 3
Let x(c) = c + 4. Let i = 89 - 40. Let j be 40/7 + 14/i. What are the prime factors of x(j)?
2, 5
Let l = -13 - -8. Let n be 20/(-2) - (-2)/2. Let s = l - n. What are the prime factors of s?
2
Let n(q) = 2*q**2 - 7*q + 8. List the prime factors of n(7).
3, 19
Let o(v) = 16 - 15 - v**2 + 5*v + 0*v**2. What are the prime factors of o(4)?
5
Let n = -1 + -1. Let j be (-2 - 2/n)*-4. What are the prime factors of 2/j - (-6)/4?
2
Let k(o) = -4*o - 5. Let w be (2 + (-3 - -2))*4. Let t be k(w). Let v = -10 - t. What are the prime factors of v?
11
Let w(s) be the second derivative of s**5/24 - s**4/6 - s**3/3 + 2*s. Let r(q) be the second derivative of w(q). List the prime factors of r(3).
11
Let k(c) = -c**3 - 2*c**2 + 3*c + 3. Let v be k(-3). Let j(h) = h**2 - h + 3. What are the prime factors of j(v)?
3
Let g = 11 + -8. Suppose 5*r = -g*t + 3*r + 106, 2*r - 4 = 0. List the prime factors of t.
2, 17
Let h(t) = -t - 2. Let q be h(-6). Suppose 0 = -5*i - 4 - 6. What are the prime factors of 5 - i/q*0?
5
Suppose 0 = 3*t + 4*m - 49, t + 5*m = m + 27. What are the prime factors of t?
11
Let o(c) = 8*c**3 - 4*c + 1. List the prime factors of o(2).
3, 19
Let n(r) = -6*r - 6. Let w(c) = c - 1. Let v(m) = n(m) - w(m). List the prime factors of v(-5).
2, 3, 5
Let d = -163 - -433. List the prime factors of d.
2, 3, 5
List the prime factors of -2 + (29 - 12/(-3)).
31
Let z = 16 - 62. List the prime factors of (-9)/(-18)*z/(-1).
23
Suppose 0*k + 3*k - 15 = 0. Suppose k*h = 4*b + 44 + 9, h = b + 11. What are the prime factors of h?
3
List the prime factors of (6 - 14)/((-4)/26).
2, 13
Let q(h) = 9*h**2 - 2*h - 1. Suppose n + 1 - 3 = -3*u, 0 = -n - u. Let l be q(n). Suppose -2*y + 2 + l = 0. List the prime factors of y.
2, 3
Suppose -4*r - 54 = 3*h, -3*h - 3*r - 54 = -3. Suppose -2*c = 5*o - 3*o - 20, 27 = 3*c + 2*o. List the prime factors of 4/h + 37/c.
5
Let w = -199 - -481. List the prime factors of 3/(-12) + w/8.
5, 7
Let y be 34/8 - (-7)/(-28). Suppose -n - 4 = 5*f, -y*n - 4*f + 30 = -34. What are the prime factors of n?
3, 7
Let w = 3 - -17. List the prime factors of w.
2, 5
Let d(j) = j**2 + j - 4. List the prime factors of d(-3).
2
Let b(q) = q**2 - 6*q. Let z be b(6). Suppose -h + z*h = -36. Li